atest common divisor of l and 9?
9
Suppose 12 = -2*q, -4*c + 8660 = -5*q - 1282. What is the highest common factor of 2301 and c?
177
Let s be (-55)/((-2310)/6552) + -1 + (-7)/1. What is the greatest common divisor of 4181 and s?
37
Let m(v) = -13*v + 0 + v + 11*v + 26. Let q be m(6). What is the highest common divisor of 1 and q?
1
Let w(h) = -h - 13. Let t be w(0). Let s(v) = -17 - 85*v**2 - 20*v + v**3 - 77*v**2 + 175*v**2. Let m be s(t). What is the greatest common factor of m and 27?
27
Suppose 0 = h + 4*k - 7, 3*h - 2*h = 4*k - 1. Let s(c) = -45*c + 317. Let f be s(7). Calculate the greatest common divisor of h and f.
1
Let b = -925 + 993. Suppose 0 = -3*d + 3*f + 195, 0 = f - 2 - 1. Calculate the highest common divisor of d and b.
68
Let d = -211 + 211. Suppose d = -6*l - 311 + 1007. Calculate the greatest common divisor of l and 4.
4
Let d be 1526/((-6 - 1)/(-7)). What is the highest common divisor of 56 and d?
14
Let z be (-51790)/(-20) + 25 - 3/2. What is the greatest common factor of z and 39?
39
Let s = -3218 + 3266. Calculate the greatest common factor of 2700 and s.
12
Let j be (5 + 2 - -3)/(-1) + 49. Suppose -2*x + 205 = l, -x + 3*x = -5*l + 985. Calculate the greatest common factor of l and j.
39
Let p(c) = 18*c - 600. Let w be p(36). Calculate the highest common factor of w and 448.
16
Let n = -192 - -197. Suppose 2*v - u - 16 = -5*u, n*v + u - 85 = 0. What is the greatest common divisor of v and 21?
3
Suppose -f + 200 - 194 = 0. Suppose 37 = t + 3*z, f*z + 233 = 5*t + 9*z. What is the greatest common factor of 49 and t?
49
Let f(o) = 37*o - 134. Let v be f(-3). Let x be (-70)/v - (-3207)/21. What is the highest common factor of x and 204?
51
Let o = -1525 + 2690. Suppose -r + 238 = -2*y, 7*r - 2*r - 5*y - o = 0. Let j = r + -90. What is the greatest common factor of 23 and j?
23
Let q = 27223 - 24919. Calculate the highest common factor of 360 and q.
72
Let w(k) = -k**2 - 2*k - 2. Let o be w(3). Let x = o - -27. Let g be 15/x*4/6. What is the highest common factor of 17 and g?
1
Let n(a) = 22*a**2 + 13*a - 39. Let r be n(7). What is the greatest common factor of 10 and r?
10
Suppose -2*m = 2*f - 92, 3*m - m = f + 110. Calculate the highest common factor of m and 5876.
52
Let v = -42 - -93. Suppose 97*b = 31232 - 22987. What is the highest common divisor of b and v?
17
Let p(m) = m**3 - 11*m**2 - 11*m - 8. Let u be p(12). Suppose -135 = -3*v - 4*c, -u*c + 9 = -3. What is the greatest common factor of v and 369?
41
Let a(y) = -y**3 - 6*y**2 - 9*y - 1. Let g be a(-4). Let i be (-8)/2 - (-14 - -1). Calculate the highest common divisor of g and i.
3
Let u(b) = 140*b. Let q be u(2). Suppose 241*h + 43*h + 374*h = 39480. What is the greatest common divisor of q and h?
20
Suppose -3*p = -5*w - 974, -650 = 44*p - 46*p + 4*w. Calculate the highest common factor of 119 and p.
17
Let z(h) = -61 + 101 - 51 + 67*h. Let n = -12 - -15. Let d be z(n). What is the greatest common divisor of d and 10?
10
Let t = -37838 + 47558. What is the greatest common divisor of 12 and t?
12
Let r = -1279 - -445. Let i = r + 914. Calculate the greatest common divisor of i and 360.
40
Let k = 7805 - -3231. What is the highest common divisor of 1068 and k?
356
Let u(b) = -23*b - 299. Let d be u(-17). Let i = 2 + 159. Calculate the greatest common factor of d and i.
23
Suppose t - 33 = 33. Suppose 4*i = 8*i - 3400. Let s be 4/(-34) - (-5200)/i. Calculate the highest common factor of t and s.
6
Let f = 1358 + 4532. Calculate the highest common divisor of 20 and f.
10
Let c(k) = k**3 + 12*k**2 + 16*k - 38. Let r be c(-10). What is the greatest common divisor of r and 2?
2
Suppose 221*u = 16*u + 18127 + 18363. Calculate the highest common factor of 712 and u.
178
Suppose 3*v = -3, -3958*n + 3957*n - 5*v + 1420 = 0. Calculate the highest common divisor of n and 925.
25
Let p be (-1)/((-3)/(-18)*(-14)/7). Suppose -4*l + 4 = -4*a + 8, 4*l - p*a = 0. Suppose s - 54 = -s. Calculate the highest common factor of s and l.
3
Let q = -17645 - -17797. Calculate the greatest common divisor of 232 and q.
8
Let i(v) = v**2 + 25*v + 106. Let k be i(-5). Calculate the greatest common factor of k and 11874.
6
Let r = -76 - -34. Let p be 21/28 - (-362)/8. Let w = p + r. Calculate the greatest common factor of 20 and w.
4
Suppose 441 = 37*i - 632. Suppose 4*b + 70 = y, -31*b = -2*y - i*b + 140. Calculate the highest common divisor of 105 and y.
35
Suppose 0 = 29*t - 146*t + 78727 - 6070. Calculate the greatest common factor of 897 and t.
69
Let a be (-25)/15*18/(-15). Suppose -u = 4*j - 0*j, 2*j = -a*u + 12. Calculate the highest common divisor of 328 and u.
8
Let a(j) = j**2 + 20*j - 40. Let c be a(-22). Suppose c*l + 216 = 5*t, 0 = 3*t + 6*l - 5*l - 116. What is the greatest common divisor of t and 8?
8
Suppose 3*j = -4*h + 1010, 6*j - 10*j = -3*h - 1355. Suppose 0 = -t + 214 + j. Calculate the greatest common factor of 69 and t.
69
Let q be (8/(-10)*-2)/(5/25). Let c(n) = 9*n - 45. Let x be c(q). Calculate the highest common divisor of x and 36.
9
Let z = 92 - 8. Let b(c) = -c**3 + 55*c**2 - 47*c + 70. Let t be b(54). What is the greatest common factor of z and t?
28
Let f = 818 + -748. Let t be 28/f + -566*2/(-20). What is the greatest common divisor of t and 969?
57
Let r(y) = y**2 - 28*y - 15. Let h be r(-48). Calculate the greatest common factor of h and 21.
21
Let a be (48 - 2)/2*2. Let w be 961/8 - 5 - 72/576. What is the highest common divisor of w and a?
23
Suppose -10*t = 18*t - 11986 + 2578. What is the highest common factor of t and 252?
84
Let s(d) = 2*d**2 - 9*d - 149. Let n be s(-7). Suppose -5*l = j - 212, -5*j = l + l - 968. Calculate the highest common factor of n and j.
12
Let j be 95/2 + 2/(-4). Suppose -5*w = -3*v + 8*v - 945, -3*w + 563 = -v. What is the highest common divisor of w and j?
47
Let j = -1566 - -1705. What is the greatest common divisor of 7367 and j?
139
Let m(h) = 9*h - 9. Let k(g) = -36*g + 37. Let j = 57 - 48. Let t(b) = j*m(b) + 2*k(b). Let z be t(2). What is the highest common divisor of 77 and z?
11
Let g = 836 - 839. Let v be (3/g)/(-2 + (-100)/(-52)). Calculate the greatest common divisor of v and 325.
13
Suppose -n - 17 = x - 4*x, -5*x = n - 15. Let g be 2*194/x + 1. What is the highest common divisor of g and 245?
49
Let m(o) = o**3 - 5*o + 6*o**2 + 4667 + 5*o**2 - 4666. Let f be (-150)/14 + (-6)/21. Let p be m(f). Calculate the highest common divisor of p and 140.
28
Let k be 6/(-15) - 268/5. Let s = k - -96. Suppose 0 = z - 3*l - 336, -38*z - l = -39*z + 336. Calculate the greatest common divisor of z and s.
42
Let i be 7 - 55713/(-15) - (-6)/(-30). Calculate the highest common divisor of i and 61.
61
Suppose 41*m - 38*m - 2*g - 1130 = 0, -4*g - 16 = 0. Let k = m + -62. What is the greatest common divisor of 48 and k?
24
Let t = 21943 - 21930. What is the greatest common factor of 20 and t?
1
Let c = 233 - 130. Let l = 101 - c. Let a be 432/9 - 2*l. Calculate the greatest common divisor of 260 and a.
52
Let k(s) = 34*s - 2800. Let a be k(88). What is the greatest common divisor of a and 912?
48
Let q be -16*((-5)/20 + -1). Suppose -q*d + 395 = -405. Calculate the greatest common divisor of d and 32.
8
Let v(q) = -16*q + q**2 + 148 + 13*q - 3*q + 30*q. Let w be v(-10). Let k = 5 + -4. What is the highest common factor of k and w?
1
Let w = 1872 - 1827. Suppose 0*j - 36 = -3*j. Let r be ((-12)/8)/(-1)*j. Calculate the highest common divisor of w and r.
9
Let l be (1 + -2)*(0 + -10). Suppose 23 + 142 = 3*i - 3*z, -3*z + 135 = 2*i. Suppose -i = -27*h + 24*h. Calculate the greatest common divisor of h and l.
10
Let k be (8/(-5)*(-84)/16)/(63/420). What is the greatest common divisor of k and 128?
8
Let j(y) = -y + 8. Let a be j(-6). Let t be (-750)/25 - -28 - (-8 + -1). Calculate the greatest common factor of t and a.
7
Let d(r) = 8*r + 49. Let y be (8/(-10))/((-10)/(-75)). Let o be d(y). Let q be -9*o*(-5)/5. What is the greatest common factor of 36 and q?
9
Suppose -2*m + 1206 = 4*s, 3*s + 3*m - 464 = 445. Calculate the highest common factor of 96 and s.
12
Suppose 18468*p - 28340 = 18403*p. Calculate the highest common factor of 44 and p.
4
Let d(b) = b**2 + b + 5. Suppose 11 = -5*g + 56. Let x be d(g). Suppose -5*j - 54 = -3*y -